{"id":2083,"date":"2018-03-29T20:22:13","date_gmt":"2018-03-30T01:22:13","guid":{"rendered":"http:\/\/my.dev.vanderbilt.edu\/williamfranke\/?page_id=2083"},"modified":"2018-03-30T10:33:29","modified_gmt":"2018-03-30T15:33:29","slug":"cerisy-stanislas-breton-colloquium","status":"publish","type":"page","link":"https:\/\/my.dev.vanderbilt.edu\/williamfranke\/cerisy-stanislas-breton-colloquium\/","title":{"rendered":"CERISY  Stanislas Breton Colloquium"},"content":{"rendered":"<h2>Philosophy Colloquium, CERISY, Centre Culturel International (France)<\/h2>\n<p>William Franke,\u00a0\u201cLe commencement et la fin de la philosophie dans le mysticisme apophatique\u00a0: de Platon au postmodernisme\u201d\u00a0 [The Beginning and the End of Philosophy in Apophatic Mysticism\u00a0: From Plato to Postmodernism]. August 27, 2011<\/p>\n<p>CERISY-la-Salle (France) Colloque: \u00ab\u00a0Philosophie et Mystique: Autour de Stanislas Breton\u00a0\u00bb, August 25-September 1, 2011<\/p>\n<p>Colloquium organized by Jean Greisch, J\u00e9r\u00f4me Du Gramont, Marie-Odile M\u00e9tra<\/p>\n<p><a href=\"https:\/\/mystiquefigures.com\/2015\/07\/29\/philosophie-et-mystique-chez-stanislas-breton\/\">Book Publication: Philosophie et mystique chez Stanislas Breton<\/a><\/p>\n<p><a>Programme Argument Resumes.docx<\/a><\/p>\n<p><a href=\"https:\/\/cdn-dev.vanderbilt.edu\/t2-my-dev\/wp-content\/uploads\/sites\/470\/2012\/02\/Cerisy-chateau.jpg\"><img loading=\"lazy\" decoding=\"async\" class=\"alignleft size-large wp-image-312\" src=\"https:\/\/cdn-dev.vanderbilt.edu\/t2-my-dev\/wp-content\/uploads\/sites\/470\/2012\/02\/Cerisy-chateau-650x487.jpg\" alt=\"\" width=\"650\" height=\"487\" srcset=\"https:\/\/cdn-dev.vanderbilt.edu\/t2-my-dev\/wp-content\/uploads\/sites\/470\/2012\/02\/Cerisy-chateau-650x487.jpg 650w, https:\/\/cdn-dev.vanderbilt.edu\/t2-my-dev\/wp-content\/uploads\/sites\/470\/2012\/02\/Cerisy-chateau-300x225.jpg 300w, https:\/\/cdn-dev.vanderbilt.edu\/t2-my-dev\/wp-content\/uploads\/sites\/470\/2012\/02\/Cerisy-chateau.jpg 1024w\" sizes=\"auto, (max-width: 650px) 100vw, 650px\" \/><\/a><\/p>\n<p>CERISY\u2013Le chateau depuis l\u2019Orangerie<\/p>\n<p><a href=\"https:\/\/my.dev.vanderbilt.edu\/williamfranke\/wp-content\/uploads\/sites\/470\/2012\/02\/Cerisy-conf%C3%A9rence-dans-la-bibliot%C3%A8que.jpg\"><img loading=\"lazy\" decoding=\"async\" class=\"alignleft size-large wp-image-313\" src=\"https:\/\/my.dev.vanderbilt.edu\/williamfranke\/wp-content\/uploads\/sites\/470\/2012\/02\/Cerisy-conf%C3%A9rence-dans-la-bibliot%C3%A8que-650x487.jpg\" alt=\"\" width=\"650\" height=\"487\" srcset=\"https:\/\/cdn-dev.vanderbilt.edu\/t2-my-dev\/wp-content\/uploads\/sites\/470\/2012\/02\/Cerisy-conf%C3%A9rence-dans-la-bibliot%C3%A8que-650x487.jpg 650w, https:\/\/cdn-dev.vanderbilt.edu\/t2-my-dev\/wp-content\/uploads\/sites\/470\/2012\/02\/Cerisy-conf%C3%A9rence-dans-la-bibliot%C3%A8que-300x225.jpg 300w, https:\/\/cdn-dev.vanderbilt.edu\/t2-my-dev\/wp-content\/uploads\/sites\/470\/2012\/02\/Cerisy-conf%C3%A9rence-dans-la-bibliot%C3%A8que.jpg 1024w\" sizes=\"auto, (max-width: 650px) 100vw, 650px\" \/><\/a><\/p>\n<p>Communication \u00e0 CERISY,<br \/>\nPhilosophie et Mystique<\/p>\n","protected":false},"excerpt":{"rendered":"<p>Philosophy Colloquium, CERISY, Centre Culturel International (France) William Franke,\u00a0\u201cLe commencement et la fin de la philosophie dans le mysticisme apophatique\u00a0: de Platon au postmodernisme\u201d\u00a0 [The Beginning and the End of Philosophy in Apophatic Mysticism\u00a0: From Plato to Postmodernism]. August 27, 2011 CERISY-la-Salle (France) Colloque: \u00ab\u00a0Philosophie et Mystique: Autour de Stanislas Breton\u00a0\u00bb, August 25-September 1, 2011&#8230;<\/p>\n","protected":false},"author":615,"featured_media":0,"parent":0,"menu_order":0,"comment_status":"closed","ping_status":"closed","template":"","meta":{"footnotes":""},"tags":[],"class_list":["post-2083","page","type-page","status-publish","hentry"],"_links":{"self":[{"href":"https:\/\/my.dev.vanderbilt.edu\/williamfranke\/wp-json\/wp\/v2\/pages\/2083","targetHints":{"allow":["GET"]}}],"collection":[{"href":"https:\/\/my.dev.vanderbilt.edu\/williamfranke\/wp-json\/wp\/v2\/pages"}],"about":[{"href":"https:\/\/my.dev.vanderbilt.edu\/williamfranke\/wp-json\/wp\/v2\/types\/page"}],"author":[{"embeddable":true,"href":"https:\/\/my.dev.vanderbilt.edu\/williamfranke\/wp-json\/wp\/v2\/users\/615"}],"replies":[{"embeddable":true,"href":"https:\/\/my.dev.vanderbilt.edu\/williamfranke\/wp-json\/wp\/v2\/comments?post=2083"}],"version-history":[{"count":3,"href":"https:\/\/my.dev.vanderbilt.edu\/williamfranke\/wp-json\/wp\/v2\/pages\/2083\/revisions"}],"predecessor-version":[{"id":2098,"href":"https:\/\/my.dev.vanderbilt.edu\/williamfranke\/wp-json\/wp\/v2\/pages\/2083\/revisions\/2098"}],"wp:attachment":[{"href":"https:\/\/my.dev.vanderbilt.edu\/williamfranke\/wp-json\/wp\/v2\/media?parent=2083"}],"wp:term":[{"taxonomy":"post_tag","embeddable":true,"href":"https:\/\/my.dev.vanderbilt.edu\/williamfranke\/wp-json\/wp\/v2\/tags?post=2083"}],"curies":[{"name":"wp","href":"https:\/\/api.w.org\/{rel}","templated":true}]}}

<h2>Philosophy Colloquium, CERISY, Centre Culturel International (France)</h2>
<p>William Franke, “Le commencement et la fin de la philosophie dans le mysticisme apophatique : de Platon au postmodernisme”  [The Beginning and the End of Philosophy in Apophatic Mysticism : From Plato to Postmodernism]. August 27, 2011</p>
<p>CERISY-la-Salle (France) Colloque: « Philosophie et Mystique: Autour de Stanislas Breton », August 25-September 1, 2011</p>
<p>Colloquium organized by Jean Greisch, Jérôme Du Gramont, Marie-Odile Métra</p>
<p><a href="https://mystiquefigures.com/2015/07/29/philosophie-et-mystique-chez-stanislas-breton/">Book Publication: Philosophie et mystique chez Stanislas Breton</a></p>
<p><a>Programme Argument Resumes.docx</a></p>
<p><a href="https://cdn-dev.vanderbilt.edu/t2-my-dev/wp-content/uploads/sites/470/2012/02/Cerisy-chateau.jpg"><img loading="lazy" decoding="async" class="alignleft size-large wp-image-312" src="https://cdn-dev.vanderbilt.edu/t2-my-dev/wp-content/uploads/sites/470/2012/02/Cerisy-chateau-650x487.jpg" alt="" width="650" height="487" srcset="https://cdn-dev.vanderbilt.edu/t2-my-dev/wp-content/uploads/sites/470/2012/02/Cerisy-chateau-650x487.jpg 650w, https://cdn-dev.vanderbilt.edu/t2-my-dev/wp-content/uploads/sites/470/2012/02/Cerisy-chateau-300x225.jpg 300w, https://cdn-dev.vanderbilt.edu/t2-my-dev/wp-content/uploads/sites/470/2012/02/Cerisy-chateau.jpg 1024w" sizes="auto, (max-width: 650px) 100vw, 650px" /></a></p>
<p>CERISY–Le chateau depuis l’Orangerie</p>
<p><a href="https://my.dev.vanderbilt.edu/williamfranke/wp-content/uploads/sites/470/2012/02/Cerisy-conf%C3%A9rence-dans-la-bibliot%C3%A8que.jpg"><img loading="lazy" decoding="async" class="alignleft size-large wp-image-313" src="https://my.dev.vanderbilt.edu/williamfranke/wp-content/uploads/sites/470/2012/02/Cerisy-conf%C3%A9rence-dans-la-bibliot%C3%A8que-650x487.jpg" alt="" width="650" height="487" srcset="https://cdn-dev.vanderbilt.edu/t2-my-dev/wp-content/uploads/sites/470/2012/02/Cerisy-conf%C3%A9rence-dans-la-bibliot%C3%A8que-650x487.jpg 650w, https://cdn-dev.vanderbilt.edu/t2-my-dev/wp-content/uploads/sites/470/2012/02/Cerisy-conf%C3%A9rence-dans-la-bibliot%C3%A8que-300x225.jpg 300w, https://cdn-dev.vanderbilt.edu/t2-my-dev/wp-content/uploads/sites/470/2012/02/Cerisy-conf%C3%A9rence-dans-la-bibliot%C3%A8que.jpg 1024w" sizes="auto, (max-width: 650px) 100vw, 650px" /></a></p>
<p>Communication à CERISY,<br />
Philosophie et Mystique</p>
