{"id":1380,"date":"2019-07-15T23:00:42","date_gmt":"2019-07-16T04:00:42","guid":{"rendered":"https:\/\/my.dev.vanderbilt.edu\/pdbbootcamp\/?page_id=1380"},"modified":"2019-08-02T10:05:56","modified_gmt":"2019-08-02T15:05:56","slug":"ips-cells-eye","status":"publish","type":"page","link":"https:\/\/my.dev.vanderbilt.edu\/pdbbootcamp\/home\/2019-projects\/ips-cells-eye\/","title":{"rendered":"Eye Development, ROP, iPS Cell Resources"},"content":{"rendered":"<p>_________________________________________________________________________________________________________________<\/p>\n<p><strong>Eye Development: <\/strong><\/p>\n<p>For a review of vertebrate eye development this chapter from developmental biology gives a great synopsis as well a wealth of citations for more in depth review,<\/p>\n<p style=\"padding-left: 60px\"><em>Gilbert SF. Developmental Biology. 6th edition. Sunderland (MA): Sinauer Associates; 2000. Development of the Vertebrate Eye. https:\/\/www.ncbi.nlm.nih.gov\/books\/NBK10024\/<\/em><\/p>\n<p>_________________________________________________________________________________________________________________<\/p>\n<p><strong>Retinopathy of Prematurity Resources: <\/strong><\/p>\n<p>For an overview of the disorder aimed at a lay audience the NIH website has some excellent resources,<\/p>\n<p style=\"padding-left: 60px\"><em>National Institute of Health, National Eye Institute, Facts about retinopathy of Prematurity. https:\/\/nei.nih.gov\/health\/rop\/rop<\/em><\/p>\n<p>&nbsp;<\/p>\n<p>To delve deeper into the research on\u00a0ROP, this review from Shah et al. makes for a great starting point,<\/p>\n<p style=\"padding-left: 60px\"><em>Shah, Parag K et al. \u201cRetinopathy of prematurity: Past, present and future.\u201d World journal of clinical pediatrics vol. 5,1 35-46. 8 Feb. 2016, doi:10.5409\/wjcp.v5.i1.35<\/em><\/p>\n<p>&nbsp;<\/p>\n<p>For more clinically oriented details this review by Hartnett and Penn offers a well rounded clinical exploration of ROP,<\/p>\n<p style=\"padding-left: 60px\"><em>Hartnett, M Elizabeth, and John S Penn. \u201cMechanisms and management of retinopathy of prematurity.\u201d The New England journal of medicine vol. 367,26 (2012): 2515-26. doi:10.1056\/NEJMra1208129<\/em><\/p>\n<p>_________________________________________________________________________________________________________________<\/p>\n<p><strong>Induced Pluripotent Stem Cell Resources: <\/strong><\/p>\n<p>A good place to start is often where it began,<\/p>\n<p style=\"padding-left: 60px\"><em>Takahashi K, Yamanaka S. Induction of pluripotent stem cells from mouse embryonic and adult fibroblast cultures by defined factors. Cell. 2006;126:663\u2013676. doi: 10.1016\/j.cell.2006.07.024.<\/em><\/p>\n<p>&nbsp;<\/p>\n<p>This review by Inoue et al. outlines some of the groundbreaking medicinal applications for iPSC\u2019s,<\/p>\n<p style=\"padding-left: 60px\"><em>Inoue, Haruhisa et al. \u201ciPS cells: a game changer for future medicine.\u201d The EMBO journal vol. 33,5 (2014): 409-17. doi:10.1002\/embj.201387098<\/em><\/p>\n<p><em>\u00a0_________________________________________________________________________________________________________________<\/em><\/p>\n<p><strong>Eye Organoid Resources: <\/strong><\/p>\n<p>A tremendous review of the different organoid systems,<\/p>\n<p style=\"padding-left: 60px\"><em>Sasai, Y., Eiraku, M. &amp; Suga, H. In vitro organogenesis in three dimensions: self\u2013organising stem cells. Development 139, 4111\u20134121 (2012)<\/em><\/p>\n<p>Formation of the optic cup from mouse embryonic stem cells,<\/p>\n<p style=\"padding-left: 60px\"><em>Eiraku, et al. Self-organizing optic-cup morphogenesis in three-dimensional culture<\/em><\/p>\n<p style=\"padding-left: 60px\"><em>Nature, 472 (7341) (2011), pp. 51-U73<\/em><\/p>\n<p><em>\u00a0<\/em><\/p>\n<p>Human iPSC derived eye organoid retinal tissue exhibits responsiveness to light,<\/p>\n<p style=\"padding-left: 60px\"><em>Hallam, Dean et al. \u201cHuman-Induced Pluripotent Stem Cells Generate Light Responsive Retinal Organoids with Variable and Nutrient-Dependent Efficiency.\u201d Stem cells (Dayton, Ohio) vol. 36,10 (2018): 1535-1551. doi:10.1002\/stem.2883<\/em><\/p>\n<p><em>\u00a0_________________________________________________________________________________________________________________<\/em><\/p>\n<p><strong>Other References : <\/strong><\/p>\n<p>Deborah K. VanderVeen, Sule U. Cataltepe, Anti-vascular endothelial growth factor intravitreal therapy for retinopathy of prematurity,Seminars in Perinatology, 2019, ISSN 0146-0005,https:\/\/doi.org\/10.1053\/j.semperi.2019.05.011.<\/p>\n<p>&nbsp;<\/p>\n<p>HA Mintz-Hittner, MM. Geloneck, Review of effects of anti-VEGF treatment on refractive error Eye Brain, 8 (2016), pp. 135-140<\/p>\n<p><em>\u00a0<\/em><\/p>\n<p>Ryan H. Retrolental fibroplasia; a clinic pathologic study.\u00a0Am J Ophthalmol.\u00a01952;35:329\u2013342<\/p>\n<p>&nbsp;<\/p>\n<p>Stefan Wawersik, Richard L. Maas, Vertebrate eye development as modeled in Drosophila, Human Molecular Genetics, Volume 9, Issue 6, 2000, Pages 917\u2013925, https:\/\/doi.org\/10.1093\/hmg\/9.6.917<\/p>\n<p>&nbsp;<\/p>\n<p>Nguyen, Phuoc Huu et al. \u201cRefractive outcome of prethreshold retinopathy of prematurity treated by diode laser: follow-up at 5 years.\u201d\u00a0<i>Clinical ophthalmology (Auckland, N.Z.)<\/i>\u00a0vol. 9 1753-8. 22 Sep. 2015, doi:10.2147\/OPTH.S84077<\/p>\n<p>&nbsp;<\/p>\n<p>BioRad, Isolation and Maintenance of Stem Cells, :\/\/www.bio-rad.com\/en-us\/applications-technologies\/isolation-maintenance-stem-cells?ID=LUSR1TC4S<\/p>\n<p>&nbsp;<\/p>\n<p>R&amp;D Systems, Differentiation Potential of Induced Pluripotent Stem Cells,\u00a0https:\/\/www.rndsystems.com\/resources\/articles\/differentiation-potential-induced-pluripotent-stem-cells<\/p>\n<p>&nbsp;<\/p>\n<p>Grabiec, Marta &amp; H\u0159\u00edbkov\u00e1, Hana &amp; Varecha, Miroslav &amp; St\u0159\u00edteck\u00e1, Dana &amp; Hampl, Ale\u0161 &amp; Dvorak, Petr &amp; Sun, Yuh-Man. (2016). Stage-specific roles of FGF2 signaling in human neural development. Stem Cell Research. 17. 10.1016\/j.scr.2016.08.012.<\/p>\n<p>&nbsp;<\/p>\n<p>Grebenyuk, Sergei, and Adrian Ranga. \u201cEngineering Organoid Vascularization.\u201d\u00a0<i>Frontiers in bioengineering and biotechnology<\/i>\u00a0vol. 7 39. 19 Mar. 2019, doi:10.3389\/fbioe.2019.00039<\/p>\n<p>&nbsp;<\/p>\n<p>Wolinsky, Howard. \u201cThe pendulum swung. President Barack Obama removes restrictions on stem-cell research, but are expectations now too high?.\u201d\u00a0<i>EMBO reports<\/i>\u00a0vol. 10,5 (2009): 436-9. doi:10.1038\/embor.2009.78<\/p>\n","protected":false},"excerpt":{"rendered":"<p>_________________________________________________________________________________________________________________ Eye Development: For a review of vertebrate eye development this chapter from developmental biology gives a great synopsis as well a wealth of citations for more in depth review, Gilbert SF. Developmental Biology. 6th edition. Sunderland (MA): Sinauer Associates; 2000. Development of the Vertebrate Eye. https:\/\/www.ncbi.nlm.nih.gov\/books\/NBK10024\/ _________________________________________________________________________________________________________________ Retinopathy of Prematurity Resources: For an overview&#8230;<\/p>\n","protected":false},"author":566,"featured_media":0,"parent":1372,"menu_order":0,"comment_status":"closed","ping_status":"closed","template":"","meta":{"footnotes":""},"tags":[],"class_list":["post-1380","page","type-page","status-publish","hentry"],"_links":{"self":[{"href":"https:\/\/my.dev.vanderbilt.edu\/pdbbootcamp\/wp-json\/wp\/v2\/pages\/1380","targetHints":{"allow":["GET"]}}],"collection":[{"href":"https:\/\/my.dev.vanderbilt.edu\/pdbbootcamp\/wp-json\/wp\/v2\/pages"}],"about":[{"href":"https:\/\/my.dev.vanderbilt.edu\/pdbbootcamp\/wp-json\/wp\/v2\/types\/page"}],"author":[{"embeddable":true,"href":"https:\/\/my.dev.vanderbilt.edu\/pdbbootcamp\/wp-json\/wp\/v2\/users\/566"}],"replies":[{"embeddable":true,"href":"https:\/\/my.dev.vanderbilt.edu\/pdbbootcamp\/wp-json\/wp\/v2\/comments?post=1380"}],"version-history":[{"count":11,"href":"https:\/\/my.dev.vanderbilt.edu\/pdbbootcamp\/wp-json\/wp\/v2\/pages\/1380\/revisions"}],"predecessor-version":[{"id":2308,"href":"https:\/\/my.dev.vanderbilt.edu\/pdbbootcamp\/wp-json\/wp\/v2\/pages\/1380\/revisions\/2308"}],"up":[{"embeddable":true,"href":"https:\/\/my.dev.vanderbilt.edu\/pdbbootcamp\/wp-json\/wp\/v2\/pages\/1372"}],"wp:attachment":[{"href":"https:\/\/my.dev.vanderbilt.edu\/pdbbootcamp\/wp-json\/wp\/v2\/media?parent=1380"}],"wp:term":[{"taxonomy":"post_tag","embeddable":true,"href":"https:\/\/my.dev.vanderbilt.edu\/pdbbootcamp\/wp-json\/wp\/v2\/tags?post=1380"}],"curies":[{"name":"wp","href":"https:\/\/api.w.org\/{rel}","templated":true}]}}