{"id":394,"date":"2013-08-22T13:59:04","date_gmt":"2013-08-22T18:59:04","guid":{"rendered":"https:\/\/my.dev.vanderbilt.edu\/florencesanchez\/?page_id=394"},"modified":"2017-07-27T08:08:02","modified_gmt":"2017-07-27T13:08:02","slug":"published-conference-proceedings","status":"publish","type":"page","link":"https:\/\/my.dev.vanderbilt.edu\/florencesanchez\/published-conference-proceedings\/","title":{"rendered":"Published Conference Proceedings"},"content":{"rendered":"<p>\u201cChemomechanical behavior of cement-based materials and molecular dynamics modeling at interfaces,\u201d F. Sanchez, In: Proceedings of the International Workshop on Seawater Sea-sand Concrete (SSC) Structures Reinforced with FRP Composites, 13 December 2016, The Hong Kong Polytechnic University, Hong Kong, China.<\/p>\n<p>&#8220;Detecting and communicating material damage using embedded CDSE nanocrystals,&#8221; C.D. Brubaker, T.M. Frecker, I. Njoroge, C. Smudde, D. Shane, J.J. Meyer, S.J. Rosenthal, F. Sanchez, G. K. Jennings and D.E. Adams, In: Proceedings of the Composites and Advanced Materials Expo, CAMX 2015 &#8211; Dallas, TX &#8211; October 27-29.<\/p>\n<p>\u201cIntegration of CDSE nanocrystals for damage detection applications,\u201d T.M. Frecker, C.D. Brubaker, J.J. Meyer, S.J. Rosenthal, G.K. Jennings, F. Sanchez, G.K. Jennings, and D.E. Adams. In: Proceedings of the International Society for the Advancement of Material and Process Engineering (SAMPE) Technical Conference 2015, January 2015.<\/p>\n<p>\u201cElastomeric evolution: A new look at carbon nanotube reinforced elastomers,\u201d J. Cummins, C. Maurice, Y. Song, F. Sanchez, E. Barth, D. Adams, In: 40th European Rotorcraft Forum 2014, vol. 2 (2014), September 2-5, 2014, Southampton, England, UK.<\/p>\n<p>\u201cDurability of carbon nanofiber\/cement composites in aggressive environments,\u201d L. Brown and F. Sanchez. In: Proceedings of the Fourth International Symposium on Nanotechnology in Construction (NICOM4), May 2012.<\/p>\n<p>\u201cMultiscale characterization of hybrid Carbon nanofiber\/carbon microfiber cement composites,\u201d C. Stephens and F. Sanchez. In: Proceedings of the Fourth International Symposium on Nanotechnology in Construction (NICOM4), May 2012.<\/p>\n<p>\u201cThe application of nanoparticles to improve the performance of concrete,\u201d K. Sobolev and F. Sanchez. In: Proceedings of the Fourth International Symposium on Nanotechnology in Construction (NICOM4), May 2012.<\/p>\n<p>\u201cPerformance of carbon nanofiber-cement composites subjected to accelerated decalcification,\u201d L. Brown, F. Sanchez, K. Kosson, and J. Arnold. In: Proceedings of the NUCPERF 2012 Workshop (Long-Term Performance of Cementitious Barriers and Reinforced Concrete in Nuclear Power Plant and Radioactive Waste Storage and Disposal), November 2012.<\/p>\n<p>\u201cCoupled mechanical-reactive transport modeling of damage of cementitious materials due to accelerated decalcification,\u201d L. Brown, S. Sarkar, F. Sanchez, and D. Kosson. In: Proceedings of the International US-Poland Workshop: Multiscale Computational Modeling of Cementitious Materials (MCMoCM2012), Library of the Cracow University of Technology, ISBN number 978-83-7242-667-3, October 2012.<\/p>\n<p>\u201cMultiscale computational methodology for the mechanical response of nano- and micro-fiber reinforced cementitious composites,\u201d M. Pike, C. Oskay, F. Sanchez. In: Proceedings of the International US-Poland Workshop: Multiscale Computational Modeling of Cementitious Materials (MCMoCM2012), Library of the Cracow University of Technology, ISBN number 978-83-7242-667-3, October 2012.<\/p>\n<p>\u201cUse of a leaching assessment framework for evaluation of the impacts of coal type and facility configuration on beneficial use scenarios for coal combustion residues,\u201d D. Kosson, A. Garrabrants, F. Sanchez, P. Kariher, S. Thorneloe, H. Van Der Sloot, and G. Helms, 2nd International Conference on Sustainable Construction Materials and Technologies, 2010.<\/p>\n<p>&#8220;Carbon nanofibers\/cement-based composites for civil engineering applications,&#8221; F. Sanchez, In: <em>2009 NSF CMMI Engineering Research and Innovation Conference, Research and Education in a Flat World<\/em>, June 22-25, 2009, Honolulu (Hawaii), 2009.<\/p>\n<p>&#8220;Improved leach testing for evaluating fate of mercury and other metals from management of coal combustion residues,&#8221; S.A. Thorneloe, D.S. Kosson, F. Sanchez, B. Khan, and P. Kariher, In: <em>Global Waste Management Symposium, Promoting Technology and Scientific Innovation<\/em>, Copper Mountain Conference Center, Colorado USA; September 7-10, 2008.<\/p>\n<p>&#8220;A leaching framework and protocols for wastes and secondary materials,&#8221; F. Sanchez, A. C. Garrabrants, D. S. Kosson, and H. van der Sloot, In: <em>RCRA: Putting Resource Conservation into RCRA, USEPA<\/em>, Aug. 12, 2003, Washington, D.C.: Air &amp; Waste Management Association, VIP-123-CD, 2003.<\/p>\n<p>&#8220;Biochemical leaching of arsenic in a mining soil under anaerobic conditions,&#8221; V. Chatain, R. Bayard, F. Sanchez, P. Moszkowicz, and R. Gourdon, In: <em>Second European Bioremediation Conference<\/em>, June 30-July 4, 2003, Chania Crete (Greece), 308-311, 2003.<\/p>\n<p>&#8220;A comparison of approaches for assessing long-term leaching of inorganic constituents from cement-based materials,&#8221; A. C. Garrabrants, F. Sanchez, and D. S. Kosson, In: <em>Progress on the Road to Sustainability: The fifth International Conference on the Environmental and Technical Implications of Construction with Alternative Materials, WASCON 2003<\/em>, June 4-6, 2003, San Sebastian (Spain), 2003.<\/p>\n<p>&#8220;Use of accelerated aging to predict future behavior of recycled materials in\u00a0 portland cement concrete pavements: physical properties,&#8221; T. T. Eighmy, J. C. M. Spear, R. A. Cook, D. L. Gress, A. Coviello, T. Van Dam, K. R. Peterson, K. Hover, R. Pinto, S. Hobbs, D. S. Kosson, F. Sanchez, C. Korhonen, and M. Simon, In: <em>Progress on the Road to Sustainability: The fifth International Conference on the Environmental and Technical Implications of Construction with Alternative Materials, WASCON 2003<\/em>, June 4-6, 2003, San Sebastian (Spain), 2003.<\/p>\n<p>&#8220;Experience with alternative leaching protocols for mercury-bearing waste,&#8221; F. Sanchez, D. S. Kosson, C. H. Mattus, and M. I. Morris, In: <em>Breaking the mercury cycle: long-term management of surplus &amp; recycled mercury &amp; mercury-bearing waste<\/em>, May 1-3, 2002, Boston, MA: NEWMOA, Compendium of Speaker Presentation Summaries, 2002.<\/p>\n<p>&#8220;Assessment of constituent leaching from soils, wastes and other materials for management decisions,&#8221; D. S. Kosson, H. A. van der Sloot, F. Sanchez, and A. C. Garrabrants, In: <em>1st International Workshop on Groundwater Risk Assessment at Contaminated Sites (GRACOS)<\/em>, Feb. 21-22, 2002, (D. Halm, and P. Grathwohl, eds), Tubingen (Germany), TGA, C61, 19-23, 2002.<\/p>\n<p>&#8220;Assessment of the potential mobility of inorganic pollutants in contaminated soils &#8211; Application to a mining site contaminated with arsenic,&#8221; V. Chatain, P. Moszkowicz, R. Bayard, F. Sanchez, and R. Gourdon, In: <em>Proceedings of the 1st International Workshop on Groundwater Risk Assessment at Contaminated Sites (GRACOS)<\/em>, Feb. 21-22, 2002, (D. Halm, and P. Grathwohl, eds), Tubingen (Germany), TGA, C61, 71-76, 2002.<\/p>\n<p>&#8220;Caract\u00e9risation de la mobilit\u00e9 potentielle de l&#8217;arsenic pr\u00e9sent dans un sol pollu\u00e9,&#8221; V. Chatain, R. Bayard, F. Sanchez, P. Moszkowicz, and R. Gourdon, In: <em>National <\/em><em>conference<\/em><em> on \u201cL&#8217;arsenic et ses impacts environnementaux\u201d<\/em>, Pau (France): APESA Publications, 39-40, 2002.<\/p>\n<p>&#8220;Evaluating requirements for stewardship of contaminated facilities,&#8221; F. Sanchez, J. Clarke, and F. L. Parker, In: Proceedings of the WM&#8217;02 conference on \u201cHLW, LLW, Mixed Wastes and Environmental Restoration &#8211; Working Towards a Cleaner Environment\u201d, Feb. 24-28, 2002, Tucson, (AZ): WM Symposia, Inc., Session 58 (Performance and monitoring strategies for long term cap and cover systems), p. 13, 2002.<\/p>\n<p>&#8220;A framework for assessing arsenic leaching from soils and wastes,&#8221; H. A. van der Sloot, D. S. Kosson, F. Sanchez, and R. N. J. Comans, In: <em>Proceedings of the US EPA Workshop on Managing Arsenic Risks to the Environment: Characterization of Waste, Chemistry, and Treatment and Disposal<\/em>, May 1-3, 2001, Denver (CO): National Risk Management Research Laboratory &#8211; US Environmental Protection Agency, EPA\/625\/R-03\/010, Dec. 2003, p.29, 2001.<\/p>\n<p>&#8220;Protocols for estimating arsenic leaching from soils and solidified wastes,&#8221; F. Sanchez, A. C. Garrabrants, D. S. Kosson, and H. A. van der Sloot, In: <em>Proceedings of the US EPA Workshop on Managing Arsenic Risks to the Environment: Characterization of Waste, Chemistry, and Treatment and Disposal<\/em>, May 1-3, 2001, Denver (CO): National Risk Management Research Laboratory &#8211; US Environmental Protection Agency, EPA\/625\/R-03\/010, Dec. 2003, p. 77, 2001.<\/p>\n<p>&#8220;Predicting Future Behavior of Recycled Materials Used in Highway Applications: Coal Fly Ash Use in Portland Cement Concrete Pavement Slabs as a Basis for an Accelerated Aging Method,&#8221; T. T. Eighmy, R. A. Cook, A. Coviello, J. C. M. Spear, K. Gardner, K. Hover, S. Hobbs, R. Pinto, D. S. Kosson, F. Sanchez, C. Korhonen, and M. Simon, In: <em>Proceedings of the Eighteenth Annual International Pittsburgh Coal Conference, &#8220;Coal&#8217;s International Future: The Technical Challenge<\/em>, December 4-7, 2001, Newcastle City Hall, Newcastle, New South Wales (Australia), 2001.<\/p>\n<p>&#8220;Estimation of environmental performance from the utilization of secondary materials in road construction using accelerated aging techniques,&#8221; F. Sanchez, D. S. Kosson, and T. T. Eighmy, In: <em>Beneficial Use of Recycled Materials in Transportation Applications conference<\/em>, November 13-15, 2001, (T. T. Eighmy, eds), Arlington (Virginia): Air &amp; Waste Management Association, 513-523, 2001.<\/p>\n<p>&#8220;Evaluation of the impact of environmental conditions on constituent leaching from granular materials during intermittent infiltration,&#8221; S. Lopez, F. Sanchez, and D. S. Kosson, In: <em>Beneficial Use of Recycled Materials in Transportation Applications conference<\/em>, November 13-15, 2001, (T. T. Eighmy, eds), Arlington (Virginia): Air &amp; Waste Management Association, 285-297, 2001.<\/p>\n<p>&#8220;M\u00e9thodologie d&#8217;\u00e9valuation de la mobilit\u00e9 potentielle de polluants inorganiques pr\u00e9sents dans les sols pollu\u00e9s,&#8221; V. Chatain, F. Sanchez, R. Bayard, P. Moszkowicz, and R. Gourdon, In: <em>Proceedings<\/em><em> of the 4th International GRUTTE Conference<\/em><em> on \u201cMobilit\u00e9 et Traitement des Polluants inorganiques pr\u00e9sents dans l&#8217;Environnement\u201d<\/em>, November 22-23, 2001, Limoges (France), 140-144, 2001.<\/p>\n<p>&#8220;Long-term Stewardship &#8211; Do we need a new paradigm?,&#8221; J. H. Clarke, F. L. Parker, F. Sanchez, W. P. Hamilton, and D. S. Kosson, In: <em>Proceedings of the 2001 International Containment &amp; Remediation Technology Conference and Exhibition<\/em>, June 10-13, 2001, Orlando (Florida), DOE\/EM-0620, 2001.<\/p>\n<p>&#8220;Multi-regime transport model for leaching behavior of heterogeneous porous materials,&#8221; F. Sanchez, I. W. Massry, T. T. Eighmy, and D. S. Kosson, In: <em>Proceedings of the International Conference on Waste Stabilization and Environment 1999<\/em>, April 13-16, 1999, Lyon Villeurbanne (France), 126-130, 1999.<\/p>\n<p>&#8220;Evaluation of waste characterization framework,&#8221; D. S. Kosson, A. C. Garrabrants, F. Sanchez, and U. Gulgule, In: <em>Proceedings of the International Conference on Waste Stabilization and Environment 1999<\/em>, April 13-16, 1999, Lyon Villeurbanne (France), p. 399, 1999.<\/p>\n<p>&#8220;Leaching of inorganic contaminants from cement-based waste materials as a result of intermittent wetting,&#8221; C. Gervais, A. C. Garrabrants, F. Sanchez, R. Barna, P. Moszkowicz, and D. S. Kosson, In: <em>Proceedings of the International Conference on Waste Stabilization and Environment 1999<\/em>, April 13-16, 1999, Lyon Villeurbanne (France), 97-103, 1999.<\/p>\n<p>&#8220;Pollutants leaching behaviour from solidified wastes: a coupled dissolution\/diffusion model,&#8221; F. Sanchez, P. Moszkowicz, and R. Barna, In: <em>First European conference on Chemical and Process Engineering<\/em>, May 4-7, 1997, Firenze (Italy), 563-566, 1997.<\/p>\n<p>&#8220;Etude de la lixiviation de milieux poreux contenant des esp\u00e8ces solubles: exp\u00e9rimentations et mod\u00e9lisation,&#8221; F. Sanchez, P. Moszkowicz, and R. Barna, In: <em>6\u00e8me Congr\u00e8s Fran\u00e7ais de G\u00e9nie des Proc\u00e9d\u00e9s<\/em>, Sept. 24-26, 1997, Paris (France), 1997.<\/p>\n<p>&#8220;Lixiviation de solides poreux: mod\u00e8le de transfert de mati\u00e8re couplant dissolution et diffusion,&#8221; F. Sanchez, P. Moszkowicz, and R. Barna, In: <em>Proceedings of the International Conference on Waste Solidification-Stabilisation Processes, Nancy (France)<\/em>, Nov. 28 &#8211; Dec. 01, 1995, (J. M. Cases, and F. Thomas, eds), Grenoble (France): Soci\u00e9t\u00e9 Alpine de Publications, 373-378, 1997.<\/p>\n<p>&#8220;Evaluation of contaminant release mechanisms for stabilized\/solidified wastes,&#8221; F. Sanchez, A. C. Garrabrants, T. T. Kosson, J. M\u00e9hu, and D. S. Kosson, In: <em>Environmental Aspects of Construction with Waste Materials &#8211; Putting Theory into Practice. International Conference on the Environmental and Technical Implications of Construction with Alternative Materials, WASCON&#8217;97<\/em>, 4-6 June 1997, (J. J. J. M. Goumans, G. J. Senden, and H. A. van der Sloot, eds), Houthem St. Gerlach, The Netherlands: Elsevier Science B.V. Studies in Environmental Science 71, 787-802, 1997.<\/p>\n<p>&#8220;Models for leaching of porous materials,&#8221; P. Moszkowicz, R. Barna, F. Sanchez, H. R. Bae, and J. M\u00e9hu, In: Environmental Aspects of Construction with Waste Materials &#8211; Putting Theory into Practice. International Conference on the Environmental and Technical Implications of Construction with Alternative Materials, WASCON&#8217;97, June 4-6, 1997, (J. J. J. M. Goumans, G. J. Senden, and H. A. van der Sloot, eds), Houthem St. Gerlach, The Netherlands: Elsevier Science B.V. Studies in Environmental Science 71, 491-500, 1997.<\/p>\n<p>&#8220;Mod\u00e9liser pour comprendre et pr\u00e9voir: interpr\u00e9tation des tests de lixiviation de d\u00e9chets stabilis\u00e9s par solidification,&#8221; P. Moszkowicz, J. Pousin, and F. Sanchez, In: <em>Programme Environnement, Vie et Soci\u00e9t\u00e9s, CNRS. Journ\u00e9es du 15, 16, 17 janvier 1996 sur le th\u00e8me \u201cTendances nouvelles en mod\u00e9lisation pour l&#8217;environnement\u201d<\/em>, Paris (France), 224-229, 1996.<\/p>\n<p>&#8220;Lixiviation de solides poreux: mod\u00e8le de transfert de mati\u00e8re couplant dissolution et diffusion,&#8221; F. Sanchez, P. Moszkowicz, J. Pousin, and R. Barna, In: <em>R\u00e9cent progr\u00e8s en G\u00e9nie des Proc\u00e9d\u00e9s, Le G\u00e9nie des Proc\u00e9d\u00e9s Complexes<\/em>, 9 (42), 363-368, 1995.<br \/>\n\u201cDiffusion and dissolution: modelling of the leaching of lime and lead in a porous medium,\u201d J. Pousin, P. Moszkowicz, and F. Sanchez, In: <em>Computational modelling of free and moving boundary problems III, Proceedings of the Third International Conference on Moving Boundaries<\/em>, (L. C. Wrobel, B. Sarler, and C. A. Brebbia, eds), Slovenia, 1995.<\/p>\n<p>&#8220;Diffusion and dissolution in a reactive porous medium: Mathematical modelling,&#8221; P. Moszkowicz, J. Pousin, and F. Sanchez, In: <em>Computational methods for transport in porous media. Journ\u00e9es Num\u00e9riques de Besan\u00e7on<\/em>, Besan\u00e7on (France): Wuerz Publishing, 210-234, 1995.<\/p>\n<p>&#8220;Diffusion and dissolution\/precipitation in a reactive porous medium,&#8221; E. Maisse, P. Moszkowicz, J. Pousin, and F. Sanchez, In: <em>Proceedings of the International Conference on Mathematical Modelling of Flows through Porous Media<\/em>, May 22-26, 1995, (A. Bourgeat, C. Carasso, S. Lukhaus, and A. Mikelic, eds), St. Etienne (France): World Scientific, 440-450, 1995.<\/p>\n","protected":false},"excerpt":{"rendered":"<p>\u201cChemomechanical behavior of cement-based materials and molecular dynamics modeling at interfaces,\u201d F. Sanchez, In: Proceedings of the International Workshop on Seawater Sea-sand Concrete (SSC) Structures Reinforced with FRP Composites, 13 December 2016, The Hong Kong Polytechnic University, Hong Kong, China. &#8220;Detecting and communicating material damage using embedded CDSE nanocrystals,&#8221; C.D. Brubaker, T.M. Frecker, I. Njoroge,&#8230;<\/p>\n","protected":false},"author":1985,"featured_media":0,"parent":0,"menu_order":0,"comment_status":"closed","ping_status":"closed","template":"","meta":{"footnotes":""},"tags":[],"class_list":["post-394","page","type-page","status-publish","hentry"],"_links":{"self":[{"href":"https:\/\/my.dev.vanderbilt.edu\/florencesanchez\/wp-json\/wp\/v2\/pages\/394","targetHints":{"allow":["GET"]}}],"collection":[{"href":"https:\/\/my.dev.vanderbilt.edu\/florencesanchez\/wp-json\/wp\/v2\/pages"}],"about":[{"href":"https:\/\/my.dev.vanderbilt.edu\/florencesanchez\/wp-json\/wp\/v2\/types\/page"}],"author":[{"embeddable":true,"href":"https:\/\/my.dev.vanderbilt.edu\/florencesanchez\/wp-json\/wp\/v2\/users\/1985"}],"replies":[{"embeddable":true,"href":"https:\/\/my.dev.vanderbilt.edu\/florencesanchez\/wp-json\/wp\/v2\/comments?post=394"}],"version-history":[{"count":3,"href":"https:\/\/my.dev.vanderbilt.edu\/florencesanchez\/wp-json\/wp\/v2\/pages\/394\/revisions"}],"predecessor-version":[{"id":669,"href":"https:\/\/my.dev.vanderbilt.edu\/florencesanchez\/wp-json\/wp\/v2\/pages\/394\/revisions\/669"}],"wp:attachment":[{"href":"https:\/\/my.dev.vanderbilt.edu\/florencesanchez\/wp-json\/wp\/v2\/media?parent=394"}],"wp:term":[{"taxonomy":"post_tag","embeddable":true,"href":"https:\/\/my.dev.vanderbilt.edu\/florencesanchez\/wp-json\/wp\/v2\/tags?post=394"}],"curies":[{"name":"wp","href":"https:\/\/api.w.org\/{rel}","templated":true}]}}