{"id":38,"date":"2013-10-18T13:24:22","date_gmt":"2013-10-18T18:24:22","guid":{"rendered":"https:\/\/my.dev.vanderbilt.edu\/conversationsconversas\/?page_id=38"},"modified":"2013-12-20T14:41:17","modified_gmt":"2013-12-20T19:41:17","slug":"martin-grossmann","status":"publish","type":"page","link":"https:\/\/my.dev.vanderbilt.edu\/conversationsconversas\/cv\/martin-grossmann\/","title":{"rendered":"Martin Grossmann"},"content":{"rendered":"<h2>Bio<\/h2>\n<p><span style=\"font-size: 13px;background-color: #ffffff\"> <\/span><\/p>\n<div style=\"width: 251px\" class=\"wp-caption alignleft\"><img loading=\"lazy\" decoding=\"async\" class=\"    \" src=\"http:\/\/www.forumpermanente.org\/en\/collective-collection\/auxiliary-images\/photos-participants\/martin_2011_12_SP.JPG\" alt=\"\" width=\"241\" height=\"266\" \/><p class=\"wp-caption-text\">Martin Grossmann<\/p><\/div>\n<p>Martin Grossmann, theoretician and curator, holds a degree in Fine Arts, FAAP (1983), and a M.A. from the Escola de Comunica\u00e7\u00f5es e Artes, University of S\u00e3o Paulo, Brazil (ECA-USP) (1987). In 1993, he received his Ph.D. from the School of Architecture, University of Liverpool, Great Britain and delivered his associate professor thesis at ECA-USP in 2001. He is currently professor at the ECA-USP and director of the Centro Cultural S\u00e3o Paulo while also serving as coordinator of Forum Permanente. Grossmann is founding member of the Museum of the (In)consequent Collective and member of the International Association of Curators of Contemporary Art (IKT). Since 1989 he has been developing research on contemporary art and on the imaginary and the virtual Museum.<br \/>\n&nbsp;<br \/>\n&nbsp;<br \/>\n&nbsp;<br \/>\n&nbsp;<br \/>\n&nbsp;<\/p>\n<h2>Contact Information<\/h2>\n<p>Email: <a href=\"mailto:mg@usp.br\">mg@usp.br<\/a><br \/>\nPhone: +55 11.3091.4076<br \/>\nAddress:<br \/>\n&nbsp;&nbsp;&nbsp;&nbsp;&nbsp;Escola de Comunica\u00e7\u00f5es e Artes<br \/>\n&nbsp;&nbsp;&nbsp;&nbsp;&nbsp;Universidade de S\u00e3o Paulo<br \/>\n&nbsp;&nbsp;&nbsp;&nbsp;&nbsp;Av. Prof. L\u00facio Martins Rodrigues, 443<br \/>\n&nbsp;&nbsp;&nbsp;&nbsp;&nbsp;Cidade Universit\u00e1ria<br \/>\n&nbsp;&nbsp;&nbsp;&nbsp;&nbsp;05508-900\u00a0 S\u00e3o Paulo\u00a0 SP<br \/>\n&nbsp;&nbsp;&nbsp;&nbsp;&nbsp;Brasil<\/p>\n<h2>Website<\/h2>\n<p><a href=\"http:\/\/www.forumpermanente.org\/Members\/martin-grossmann\/martin-grossmann\/\">Visit Martin Grossmann&#8217;s website<\/a>.<\/p>\n<h2>CV<\/h2>\n<p><a href=\"http:\/\/lattes.cnpq.br\/6615478092546115\">Curriculum Lattes<\/a><\/p>\n<p>&nbsp;<\/p>\n","protected":false},"excerpt":{"rendered":"<p>Bio Martin Grossmann, theoretician and curator, holds a degree in Fine Arts, FAAP (1983), and a M.A. from the Escola de Comunica\u00e7\u00f5es e Artes, University of S\u00e3o Paulo, Brazil (ECA-USP) (1987). In 1993, he received his Ph.D. from the School of Architecture, University of Liverpool, Great Britain and delivered his associate professor thesis at ECA-USP&#8230;<\/p>\n","protected":false},"author":2337,"featured_media":0,"parent":5,"menu_order":2,"comment_status":"closed","ping_status":"closed","template":"","meta":{"footnotes":""},"tags":[],"class_list":["post-38","page","type-page","status-publish","hentry"],"_links":{"self":[{"href":"https:\/\/my.dev.vanderbilt.edu\/conversationsconversas\/wp-json\/wp\/v2\/pages\/38","targetHints":{"allow":["GET"]}}],"collection":[{"href":"https:\/\/my.dev.vanderbilt.edu\/conversationsconversas\/wp-json\/wp\/v2\/pages"}],"about":[{"href":"https:\/\/my.dev.vanderbilt.edu\/conversationsconversas\/wp-json\/wp\/v2\/types\/page"}],"author":[{"embeddable":true,"href":"https:\/\/my.dev.vanderbilt.edu\/conversationsconversas\/wp-json\/wp\/v2\/users\/2337"}],"replies":[{"embeddable":true,"href":"https:\/\/my.dev.vanderbilt.edu\/conversationsconversas\/wp-json\/wp\/v2\/comments?post=38"}],"version-history":[{"count":15,"href":"https:\/\/my.dev.vanderbilt.edu\/conversationsconversas\/wp-json\/wp\/v2\/pages\/38\/revisions"}],"predecessor-version":[{"id":109,"href":"https:\/\/my.dev.vanderbilt.edu\/conversationsconversas\/wp-json\/wp\/v2\/pages\/38\/revisions\/109"}],"up":[{"embeddable":true,"href":"https:\/\/my.dev.vanderbilt.edu\/conversationsconversas\/wp-json\/wp\/v2\/pages\/5"}],"wp:attachment":[{"href":"https:\/\/my.dev.vanderbilt.edu\/conversationsconversas\/wp-json\/wp\/v2\/media?parent=38"}],"wp:term":[{"taxonomy":"post_tag","embeddable":true,"href":"https:\/\/my.dev.vanderbilt.edu\/conversationsconversas\/wp-json\/wp\/v2\/tags?post=38"}],"curies":[{"name":"wp","href":"https:\/\/api.w.org\/{rel}","templated":true}]}}