{"id":62,"date":"2018-01-23T19:23:21","date_gmt":"2018-01-23T19:23:21","guid":{"rendered":"https:\/\/my.dev.vanderbilt.edu\/benntorres\/?page_id=62"},"modified":"2020-07-24T14:52:11","modified_gmt":"2020-07-24T14:52:11","slug":"publications","status":"publish","type":"page","link":"https:\/\/my.dev.vanderbilt.edu\/benntorres\/publications\/","title":{"rendered":"Media Links"},"content":{"rendered":"<p><strong>2020:<\/strong><\/p>\n<p>WSJ Article:\u00a0<a href=\"https:\/\/www.wsj.com\/articles\/study-finds-legacy-of-slavery-shaped-the-dna-of-black-americans-today-11595516400\">&#8220;Study Finds Legacy of Slavery Shaped the DNA of Black Americans Today&#8221;<\/a><\/p>\n<p><strong>2019:<\/strong><\/p>\n<p>Nature\u00a0Article: &#8220;<a href=\"https:\/\/www.nature.com\/articles\/d41586-019-03152-9\">Genomes trace origins of enslaved people who died on remote island<\/a>&#8221;<\/p>\n<p>Science Times Article: &#8220;<a href=\"https:\/\/www.sciencetimes.com\/articles\/25958\/20200605\/genetic-studies-ancient-carribbean-inhabitants-reveal-mosaic-history-contrary-traditional.htm\">Genetic Studies on Ancient Caribbean Inhabitants Reveal a Mosaic of History Contrary to Traditional Research<\/a>&#8221;<\/p>\n<p>Guest Speaker, The Atlantic Festival 2019:\u00a0<a href=\"https:\/\/www.youtube.com\/watch?v=BF4wyyRD6hE\">Genetics and the Human Story<\/a><\/p>\n<p style=\"text-align: center\">Article, The Atlantic: &#8220;How Ancient DNA Can Help Recast Colonial History&#8221;<\/p>\n<p>Science Magazine Podcast: &#8220;<a href=\"https:\/\/www.sciencemag.org\/podcast\/race-and-disease-risk-and-berlin-s-singing-nightingales\">Race and disease risk and Berlin\u2019s singing nightingales<\/a>&#8221;<\/p>\n<p>Inside Sources Article: &#8220;<a href=\"https:\/\/www.insidesources.com\/the-next-big-media-pitch-should-be-science\/\">The Next Big Media Pitch Should Be Science<\/a>&#8221;<\/p>\n<p>Science Magazine 2019 Election:\u00a0<a href=\"https:\/\/science.sciencemag.org\/content\/367\/6481\/993\">Election Results<\/a><\/p>\n<p><strong>2018:\u00a0<\/strong><\/p>\n<p>Guest Speaker, Ta\u00edno Symposium 2018:\u00a0<a href=\"https:\/\/www.youtube.com\/watch?v=Ur7Fu2-jYAY\">Genetic Science and Genealogy: Recovering Native Ancestry<\/a><\/p>\n<p>&nbsp;<\/p>\n<p><strong>2017:<\/strong><\/p>\n<p><a href=\"https:\/\/cdn-dev.vanderbilt.edu\/t2-my-dev\/wp-content\/uploads\/sites\/2732\/2018\/01\/BlackHeritageTrailNH-on-Twitter_-_Dr.pdf\">BlackHeritageTrailNH on Twitter_ _Dr<\/a><\/p>\n<p>Catholic News:\u00a0<a href=\"http:\/\/catholicnewstt.com\/index.php\/2017\/10\/28\/answers-in-the-dna\/\">Answers in the DNA<\/a><\/p>\n<p>Indian News Link:\u00a0<a href=\"http:\/\/www.indiannewslink.co.nz\/the-indisputable-indian-influence-on-america-2\/\">The indisputable Indian influence on America<\/a><\/p>\n<p><strong>2016:<\/strong><\/p>\n<p class=\"gb-volume-title\" dir=\"ltr\">New Directions in Biocultural Anthropology: <a href=\"https:\/\/books.google.com\/books?hl=en&amp;lr=&amp;id=J4DODAAAQBAJ&amp;oi=fnd&amp;pg=PA385&amp;ots=lctkmAFsg1&amp;sig=ehWpypsqqn3c6SCGr-_WcwJLGGU#v=onepage&amp;q&amp;f=false\">An emerging History of Indigenous Caribbean and circum-Caribbean Populations: insights from archaeological, ethnographic, genetic,and historical studies<\/a><\/p>\n<p class=\"gb-volume-title\" dir=\"ltr\">Research Gate: <a href=\"https:\/\/www.researchgate.net\/profile\/Jada_Torres\/publication\/301239662_Genetic_Anthropology_and_Archaeology_Interdisciplinary_Approaches_to_Human_History_in_the_Caribbean\/links\/57471d4508ae14040e28cc71\/Genetic-Anthropology-and-Archaeology-Interdisciplinary-Approaches-to-Human-History-in-the-Caribbean.pdf\">Genetic Anthropology and Archaeology: Interdisciplinary Approaches to Human History in the Caribbean<\/a><\/p>\n<p class=\"gb-volume-title\" dir=\"ltr\">AIMS Genetics: <a href=\"http:\/\/www.aimspress.com\/fileOther\/PDF\/Genetics\/genetics-03-00146.pdf\">A history of you, me, and humanity: mitochondrial DNA in anthropological research<\/a><\/p>\n<p class=\"gb-volume-title\" dir=\"ltr\"><span style=\"text-decoration: underline\"><em>Jada Benn Torres&#8211;American Association of Physical Anthropologists:<\/em><\/span><\/p>\n<p><iframe loading=\"lazy\" width=\"750\" height=\"422\" src=\"https:\/\/www.youtube.com\/embed\/vwgbAIuhHiM?feature=oembed\" frameborder=\"0\" allow=\"accelerometer; autoplay; encrypted-media; gyroscope; picture-in-picture\" allowfullscreen><\/iframe><\/p>\n<p><strong>2015:<\/strong><\/p>\n<p>Caribbean Life:\u00a0<a href=\"https:\/\/www.caribbeanlifenews.com\/stories\/2015\/11\/2015-11-13-nk-genetic-history-cl.html\">Scientists map genetic history of humans in the Caribbean<\/a><\/p>\n<p>Science Daily:\u00a0<a href=\"https:\/\/www.sciencedaily.com\/releases\/2015\/11\/151105141341.htm\">Genetic history of the Caribbean mapped<\/a><\/p>\n<p>G\u00e9n\u00e9alogie g\u00e9n\u00e9tique:\u00a0<a href=\"http:\/\/secher.bernard.free.fr\/blog\/index.php?post\/2015\/10\/16\/Diversit%C3%A9-g%C3%A9n%C3%A9tique-dans-les-Petites-Antilles\">Diversit\u00e9 g\u00e9n\u00e9tique dans les Petites Antilles<\/a><\/p>\n<p>PLOS One: <a href=\"http:\/\/journals.plos.org\/plosone\/article?id=10.1371\/journal.pone.0139192\">Genetic Diversity in the Lesser Antilles and It&#8217;s Implications for the Settlement of the Caribbean Basin<\/a><\/p>\n<p>Human Biology: <a href=\"http:\/\/www.bioone.org\/doi\/abs\/10.13110\/humanbiology.87.4.0306\">Racial Experience as an Alternative Operationalization of Race<\/a><\/p>\n<p><strong>2014:<\/strong><\/p>\n<p>American Journal of Human Biology: <a href=\"http:\/\/onlinelibrary.wiley.com\/doi\/10.1002\/ajhb.22656\/full\">Origins of marronage: Mitochondrial Lineages of Jamaica&#8217;s Accompong Town Maroons<\/a><\/p>\n<p><strong>2013:<\/strong><\/p>\n<p>National Geographic-Changing Planet:\u00a0<a href=\"https:\/\/blog.nationalgeographic.org\/2013\/11\/26\/genetic-research-in-the-caribbean-goes-deeper-than-dna\/\">Genetic Research in the Caribbean Goes Deeper Than DNA<\/a><\/p>\n<p><a href=\"https:\/\/repeatingislands.com\/2013\/08\/03\/unearthing-trinidads-carib-ancestry\/\">Repeating Islands: Unearthing Trinidad&#8217;s Carib Ancestry<\/a><\/p>\n<p><a href=\"https:\/\/repeatingislands.com\/2013\/04\/24\/dna-links-trinidad-caribs-to-africa-and-north-america\/\">Repeating Islands: DNA Links Trinidad Caribs to Africa and North America<\/a><\/p>\n<p>American Journal of Physical Anthropology: <a href=\"http:\/\/onlinelibrary.wiley.com\/doi\/10.1002\/ajpa.22261\/full\">An anthropological genetic perspective on creolization in the anglophone caribbean<\/a><\/p>\n<p><strong>2012:<\/strong><\/p>\n<p>PLOS One: <a href=\"http:\/\/journals.plos.org\/plosone\/article?id=10.1371\/journal.pone.0029687\">Y Chromosome Lineages in Men of the West African Descent<\/a><\/p>\n<p><strong>2009:<\/strong><\/p>\n<p>The Prostate: <a href=\"http:\/\/onlinelibrary.wiley.com\/doi\/10.1002\/pros.21061\/full\">Replication of prostate cancer risk loci on 8q24, 11q13, 17q12, 19q33, and Xp11 in African Americans<\/a><\/p>\n<p>Carcinogenesis: <a href=\"https:\/\/academic.oup.com\/carcin\/article\/30\/8\/1353\/2476933\">Novel single nucleotide polymorphism associations with colorectal cancer on chromosome 8q24 in African and European Americans<\/a><\/p>\n<p>Gastroenterology: <a href=\"http:\/\/www.gastrojournal.org\/article\/S0016-5085(09)60538-2\/abstract\">768 Novel SNP Associations with Colorectal Cancer on 8q24 and 5q in African and European Americans<\/a><\/p>\n<p>Cancer Prevention Research: <a href=\"http:\/\/cancerpreventionresearch.aacrjournals.org\/content\/2\/3\/244.short\">Race, Genetic West African Ancestry, and Prostate Cancer Prediction by Prostate specific Antigen in Prospectively Screened High-Risk Men<\/a><\/p>\n<p><strong>2007:<\/strong><\/p>\n<p>The University of Chicago Chronicle:\u00a0<a href=\"http:\/\/chronicle.uchicago.edu\/071206\/cancer.risk.gene.shtml\">Genetic variant associated with prostate cancer in African-American men<\/a><\/p>\n<p>Genome Research: <a href=\"http:\/\/genome.cshlp.org\/content\/17\/12\/1717.short\">Confirmation study of prostate cancer risk variants at 8q24 in African Americans identifies a novel risk locus<\/a><\/p>\n<p>Annals of Human Genetics: <a href=\"http:\/\/onlinelibrary.wiley.com\/doi\/10.1111\/j.1469-1809.2007.00380.x\/full\">Mitochondrial and Y Chromosome Diversity in the English-Speaking Caribbean<\/a><\/p>\n<p>Current Hypertension Reports: <a href=\"https:\/\/link.springer.com\/article\/10.1007%2Fs11906-007-0035-1?LI=true\">The relationship between &#8220;race&#8221; and genetics in biomedical research<\/a><\/p>\n<p>&nbsp;<\/p>\n","protected":false},"excerpt":{"rendered":"<p>2020: WSJ Article:\u00a0&#8220;Study Finds Legacy of Slavery Shaped the DNA of Black Americans Today&#8221; 2019: Nature\u00a0Article: &#8220;Genomes trace origins of enslaved people who died on remote island&#8221; Science Times Article: &#8220;Genetic Studies on Ancient Caribbean Inhabitants Reveal a Mosaic of History Contrary to Traditional Research&#8221; Guest Speaker, The Atlantic Festival 2019:\u00a0Genetics and the Human Story&#8230;<\/p>\n","protected":false},"author":7295,"featured_media":47,"parent":0,"menu_order":0,"comment_status":"closed","ping_status":"closed","template":"","meta":{"footnotes":""},"tags":[4],"class_list":["post-62","page","type-page","status-publish","has-post-thumbnail","hentry","tag-featured"],"_links":{"self":[{"href":"https:\/\/my.dev.vanderbilt.edu\/benntorres\/wp-json\/wp\/v2\/pages\/62","targetHints":{"allow":["GET"]}}],"collection":[{"href":"https:\/\/my.dev.vanderbilt.edu\/benntorres\/wp-json\/wp\/v2\/pages"}],"about":[{"href":"https:\/\/my.dev.vanderbilt.edu\/benntorres\/wp-json\/wp\/v2\/types\/page"}],"author":[{"embeddable":true,"href":"https:\/\/my.dev.vanderbilt.edu\/benntorres\/wp-json\/wp\/v2\/users\/7295"}],"replies":[{"embeddable":true,"href":"https:\/\/my.dev.vanderbilt.edu\/benntorres\/wp-json\/wp\/v2\/comments?post=62"}],"version-history":[{"count":17,"href":"https:\/\/my.dev.vanderbilt.edu\/benntorres\/wp-json\/wp\/v2\/pages\/62\/revisions"}],"predecessor-version":[{"id":168,"href":"https:\/\/my.dev.vanderbilt.edu\/benntorres\/wp-json\/wp\/v2\/pages\/62\/revisions\/168"}],"wp:featuredmedia":[{"embeddable":true,"href":"https:\/\/my.dev.vanderbilt.edu\/benntorres\/wp-json\/wp\/v2\/media\/47"}],"wp:attachment":[{"href":"https:\/\/my.dev.vanderbilt.edu\/benntorres\/wp-json\/wp\/v2\/media?parent=62"}],"wp:term":[{"taxonomy":"post_tag","embeddable":true,"href":"https:\/\/my.dev.vanderbilt.edu\/benntorres\/wp-json\/wp\/v2\/tags?post=62"}],"curies":[{"name":"wp","href":"https:\/\/api.w.org\/{rel}","templated":true}]}}