{"id":57,"date":"2015-10-19T17:03:29","date_gmt":"2015-10-19T22:03:29","guid":{"rendered":"https:\/\/my.dev.vanderbilt.edu\/abbybroughton\/?page_id=57"},"modified":"2019-04-15T16:40:51","modified_gmt":"2019-04-15T21:40:51","slug":"research","status":"publish","type":"page","link":"https:\/\/my.dev.vanderbilt.edu\/abbybroughton\/research\/","title":{"rendered":"Graduate Student Coursework"},"content":{"rendered":"<h2>Vanderbilt University (2015-Present)<\/h2>\n<pre>Second Language Acquisition: Current Theories and Research (Stacey Johnson, 2019)\r\nMethods of Educational Research: Qualitative (Deborah Rowe, 2018)\r\nApprenticeship Teaching (Virginia Scott, 2017)\r\nMedieval French Literature (Lynn Ramey, 2017)\r\n19th Century French Literature (Robert Barsky, 2017)\r\nFrench Literary Theory (William Franke, 2016)\r\nApplied French Linguistics (Virginia Scott, 2016)\r\nIntroduction to Research (Todd Hughes and Lynn Ramey, 2016)\r\n18th Century French Literature (Hanna Roman, 2016)\r\nRadical Political Theory (Marc Froment-Meurice, 2016)\r\nFrancophone Caribbean Literature (Paul Miller, 2016)\r\nGender and Pedagogy (Melanie Adley, 2016)\r\nFrench Jewish Intellectuals (Nathalie Debrauwere-Miller, 2015)<\/pre>\n<pre>Francophone Literature (Anth\u00e8re Nzabatsinda, 2015)<\/pre>\n<pre>Foreign Language Teaching Methodology (Eva Dessein, 2015)\r\n\r\n<\/pre>\n<h2>University of Maryland (2013-2015)<\/h2>\n<pre>Le Roman alg\u00e9rien (Valerie Orlando, 2015)<\/pre>\n<pre>Literary Translation (Loretta Clough, 2015)<\/pre>\n<pre>Transnational Theory (Hester Baer and Ryan Long, 2014)<\/pre>\n<pre>Autofiction, 20-21\u00e8me si\u00e8cles (Merc\u00e9d\u00e8s Baillargeon, 2014)<\/pre>\n<pre>Histoire de la langue fran\u00e7aise (Mary Ellen Scullen, 2014)<\/pre>\n<pre>Literary Theory (Andrea Frisch, 2014)<\/pre>\n<pre>Th\u00e9\u00e2tre fran\u00e7ais, 20\u00e8me (Caroline Eades, 2014)<\/pre>\n<pre>Cinema and Empire (Caroline Eades and Elizabeth Papazian, 2013)<\/pre>\n<pre>Lettres des femmes de lettres, 18\u00e8me (Sarah Benharrech, 2013)<\/pre>\n<pre>R\u00e9cit de voyage, 17\u00e8me (Herv\u00e9 Campange, 2013)<\/pre>\n<p>&nbsp;<\/p>\n<p>&nbsp;<\/p>\n","protected":false},"excerpt":{"rendered":"<p>Vanderbilt University (2015-Present) Second Language Acquisition: Current Theories and Research (Stacey Johnson, 2019) Methods of Educational Research: Qualitative (Deborah Rowe, 2018) Apprenticeship Teaching (Virginia Scott, 2017) Medieval French Literature (Lynn Ramey, 2017) 19th Century French Literature (Robert Barsky, 2017) French Literary Theory (William Franke, 2016) Applied French Linguistics (Virginia Scott, 2016) Introduction to Research (Todd&#8230;<\/p>\n","protected":false},"author":4550,"featured_media":0,"parent":0,"menu_order":0,"comment_status":"closed","ping_status":"closed","template":"","meta":{"footnotes":""},"tags":[],"class_list":["post-57","page","type-page","status-publish","hentry"],"_links":{"self":[{"href":"https:\/\/my.dev.vanderbilt.edu\/abbybroughton\/wp-json\/wp\/v2\/pages\/57","targetHints":{"allow":["GET"]}}],"collection":[{"href":"https:\/\/my.dev.vanderbilt.edu\/abbybroughton\/wp-json\/wp\/v2\/pages"}],"about":[{"href":"https:\/\/my.dev.vanderbilt.edu\/abbybroughton\/wp-json\/wp\/v2\/types\/page"}],"author":[{"embeddable":true,"href":"https:\/\/my.dev.vanderbilt.edu\/abbybroughton\/wp-json\/wp\/v2\/users\/4550"}],"replies":[{"embeddable":true,"href":"https:\/\/my.dev.vanderbilt.edu\/abbybroughton\/wp-json\/wp\/v2\/comments?post=57"}],"version-history":[{"count":11,"href":"https:\/\/my.dev.vanderbilt.edu\/abbybroughton\/wp-json\/wp\/v2\/pages\/57\/revisions"}],"predecessor-version":[{"id":115,"href":"https:\/\/my.dev.vanderbilt.edu\/abbybroughton\/wp-json\/wp\/v2\/pages\/57\/revisions\/115"}],"wp:attachment":[{"href":"https:\/\/my.dev.vanderbilt.edu\/abbybroughton\/wp-json\/wp\/v2\/media?parent=57"}],"wp:term":[{"taxonomy":"post_tag","embeddable":true,"href":"https:\/\/my.dev.vanderbilt.edu\/abbybroughton\/wp-json\/wp\/v2\/tags?post=57"}],"curies":[{"name":"wp","href":"https:\/\/api.w.org\/{rel}","templated":true}]}}